{"id":180,"date":"2025-02-26T15:21:47","date_gmt":"2025-02-26T15:21:47","guid":{"rendered":"https:\/\/zealous-goodall.213-199-48-165.plesk.page\/?page_id=180"},"modified":"2025-02-26T15:21:49","modified_gmt":"2025-02-26T15:21:49","slug":"gatumarknader","status":"publish","type":"page","link":"https:\/\/losaltos.se\/index.php\/aktiviteter\/shopping\/gatumarknader\/","title":{"rendered":"Gatumarknader"},"content":{"rendered":"\n<div class=\"wp-block-cover is-light\" style=\"min-height:184px;aspect-ratio:unset;\"><span aria-hidden=\"true\" class=\"wp-block-cover__background has-background-dim\" style=\"background-color:#9ca2a7\"><\/span><img loading=\"lazy\" decoding=\"async\" width=\"900\" height=\"184\" class=\"wp-block-cover__image-background wp-image-18\" alt=\"Los Altos Strand\" src=\"https:\/\/losaltos.se\/wp-content\/uploads\/2025\/02\/vinjett2.jpg\" data-object-fit=\"cover\" srcset=\"https:\/\/losaltos.se\/wp-content\/uploads\/2025\/02\/vinjett2.jpg 900w, https:\/\/losaltos.se\/wp-content\/uploads\/2025\/02\/vinjett2-300x61.jpg 300w, https:\/\/losaltos.se\/wp-content\/uploads\/2025\/02\/vinjett2-768x157.jpg 768w\" sizes=\"auto, (max-width: 900px) 100vw, 900px\" \/><div class=\"wp-block-cover__inner-container is-layout-constrained wp-block-cover-is-layout-constrained\">\n<p class=\"has-text-align-left has-ast-global-color-4-color has-text-color has-link-color has-large-font-size wp-elements-4ca3fb4fd017ba091829245ea002b803\" style=\"margin-top:0;margin-bottom:0\"><strong>Los Altos<\/strong><\/p>\n\n\n\n<p class=\"has-ast-global-color-4-color has-text-color has-link-color wp-elements-87773715d62714250982c8d6b22f9b41\" style=\"margin-top:0;margin-bottom:0;padding-top:0;padding-bottom:0\"><strong><em>Hyr v\u00e5rt underbara radhus s\u00f6der om Torrevieja<\/em><\/strong><\/p>\n<\/div><\/div>\n\n\n\n<div class=\"wp-block-columns is-layout-flex wp-container-core-columns-is-layout-f1061711 wp-block-columns-is-layout-flex\" style=\"padding-right:var(--wp--preset--spacing--20);padding-left:var(--wp--preset--spacing--20)\">\n<div class=\"wp-block-column is-layout-flow wp-block-column-is-layout-flow\" style=\"flex-basis:66.66%\">\n<h1 class=\"wp-block-heading has-text-align-center\" id=\"h-gatumarknader\" style=\"font-size:32px\">Gatumarknader<\/h1>\n\n\n\n<figure class=\"wp-block-image size-full\"><img loading=\"lazy\" decoding=\"async\" width=\"600\" height=\"400\" src=\"https:\/\/losaltos.se\/wp-content\/uploads\/2025\/02\/jordgubbar.jpg\" alt=\"Jordgubbar\" class=\"wp-image-182\" srcset=\"https:\/\/losaltos.se\/wp-content\/uploads\/2025\/02\/jordgubbar.jpg 600w, https:\/\/losaltos.se\/wp-content\/uploads\/2025\/02\/jordgubbar-300x200.jpg 300w\" sizes=\"auto, (max-width: 600px) 100vw, 600px\" \/><\/figure>\n\n\n\n<p>Marknaden \u00e4r ett alternativ till de traditionella aff\u00e4rerna och man kan ut\u00f6ver kryddor, ostar, k\u00f6tt, fisk och gr\u00f6nsaker hitta en m\u00e4ngd dekorationsartiklar, textilier, kl\u00e4der, hush\u00e5llsvaror, hantverk och skor till mycket \u00f6verkomliga priser och ibland kan man g\u00f6ra riktiga fynd.<\/p>\n\n\n\n<p>Marknaderna \u00e4r autentiska &#8221;zocos&#8221;, arabiska marknader, som har blivit mycket omtyckta bland spanjorerna och de hundratusentals europ\u00e9er som bes\u00f6ker Torrevieja.<\/p>\n\n\n\n<p>En del marknader \u00e4ger rum en g\u00e5ng i veckan, andra \u00e4r permanenta. M\u00e5nga finner du p\u00e5 strandpromenaderna.<\/p>\n\n\n\n<p>Torreviejas marknad \u00e4r kanske den allra st\u00f6rsta med ca 1200 st\u00e5nd,<br>varje fredag vid sportcentret, alldeles intill N-332. L\u00e4ttast att hitta dit \u00e4r att \u00e5ka mot det stora k\u00f6pcentrat Habaneras och \u00f6ver N-332. N\u00e4r man kommit \u00f6ver N-332 tar man v\u00e4nter i den f\u00f6rsta rondellen.<br>Torrevieja hantverksmarknad p\u00e5 strandpromenaden Paseo Mar\u00edtimo de la Libertad,<br>\u00f6ppen alla dagar, \u00e4ven helger med ca 300 st\u00e5nd.<\/p>\n\n\n\n<p>La Mata marknad vid Canal del Acequi\u00f3n med ca 250 st\u00e5nd varje onsdag.<\/p>\n\n\n\n<p>Guardamars marknad i \u00f6vre\/inre delen av staden varje onsdag.<br>Guardamars loppmarknad vid MasyMas varje s\u00f6ndag.<br>Guardamars marknad p\u00e5 landet, den s.k. citronmarknaden med 1000 st\u00e5nd<br>vid Campo de Guardamar p\u00e5 v\u00e4gen mellan Guardamar och Montesinos varje s\u00f6ndag<\/p>\n\n\n\n<p>Rojales marknad varje torsdag.<\/p>\n\n\n\n<p>Lo Crispin varje fredag f\u00f6rmiddag n\u00e4ra Quesada.<\/p>\n\n\n\n<p>Montesinos marknad varje fredagkv\u00e4ll.<\/p>\n\n\n\n<p>Almorad\u00ed marknad 600 st\u00e5nd vid Avenida de la Constituci\u00f3n varje l\u00f6rdag.<\/p>\n\n\n\n<p>Orihuela Costa marknad vid Playa Flamenca varje l\u00f6rdag.<\/p>\n\n\n\n<p>Mil Palmeras kv\u00e4llsmarknad varje tisdag.<\/p>\n\n\n\n<p>San Miguels marknad varje onsdag.<br>San Miguel loppmarknad varje l\u00f6rdag f\u00f6rmiddag vid Castillo de Conesa utanf\u00f6r staden p\u00e5 v\u00e4gen mot Campoamor.<\/p>\n\n\n\n<p>Orihuelas marknad i norra delen av centrum varje tisdag.<\/p>\n\n\n\n<p>Pilar de la Horadada marknad \u00e4ger rum varje fredag.<\/p>\n\n\n\n<p>San Pedros marknad varje m\u00e5ndag.<\/p>\n\n\n\n<p>San Javiers marknad varje torsdag.<\/p>\n\n\n\n<p>Albatera marknad varje torsdag.<\/p>\n\n\n\n<p>Gran Alacant marknad varje torsdag Urb. Sierra Mar.<\/p>\n<\/div>\n\n\n\n<div class=\"wp-block-column is-layout-flow wp-block-column-is-layout-flow\" style=\"flex-basis:33.33%\">\n<div style=\"height:38px\" aria-hidden=\"true\" class=\"wp-block-spacer\"><\/div>\n\n\n\n<figure class=\"wp-block-image size-full\"><img loading=\"lazy\" decoding=\"async\" width=\"250\" height=\"375\" src=\"https:\/\/losaltos.se\/wp-content\/uploads\/2025\/02\/blommor.jpg\" alt=\"Blommor\" class=\"wp-image-183\" srcset=\"https:\/\/losaltos.se\/wp-content\/uploads\/2025\/02\/blommor.jpg 250w, https:\/\/losaltos.se\/wp-content\/uploads\/2025\/02\/blommor-200x300.jpg 200w\" sizes=\"auto, (max-width: 250px) 100vw, 250px\" \/><\/figure>\n\n\n\n<figure class=\"wp-block-image size-full\"><img loading=\"lazy\" decoding=\"async\" width=\"250\" height=\"167\" src=\"https:\/\/losaltos.se\/wp-content\/uploads\/2025\/02\/apelsiner.jpg\" alt=\"Apelsiner\" class=\"wp-image-184\"\/><\/figure>\n\n\n\n<figure class=\"wp-block-image size-full\"><img loading=\"lazy\" decoding=\"async\" width=\"250\" height=\"167\" src=\"https:\/\/losaltos.se\/wp-content\/uploads\/2025\/02\/skor.jpg\" alt=\"Skor\" class=\"wp-image-185\"\/><\/figure>\n<\/div>\n<\/div>\n","protected":false},"excerpt":{"rendered":"<p>Gatumarknader Marknaden \u00e4r ett alternativ till de traditionella aff\u00e4rerna och man kan ut\u00f6ver kryddor, ostar, k\u00f6tt, fisk och gr\u00f6nsaker hitta [&hellip;]<\/p>\n","protected":false},"author":1,"featured_media":0,"parent":164,"menu_order":0,"comment_status":"closed","ping_status":"open","template":"","meta":{"site-sidebar-layout":"default","site-content-layout":"","ast-site-content-layout":"","site-content-style":"default","site-sidebar-style":"default","ast-global-header-display":"","ast-banner-title-visibility":"","ast-main-header-display":"","ast-hfb-above-header-display":"","ast-hfb-below-header-display":"","ast-hfb-mobile-header-display":"","site-post-title":"disabled","ast-breadcrumbs-content":"","ast-featured-img":"","footer-sml-layout":"","theme-transparent-header-meta":"","adv-header-id-meta":"","stick-header-meta":"","header-above-stick-meta":"","header-main-stick-meta":"","header-below-stick-meta":"","astra-migrate-meta-layouts":"default","ast-page-background-enabled":"default","ast-page-background-meta":{"desktop":{"background-color":"var(--ast-global-color-5)","background-image":"","background-repeat":"repeat","background-position":"center center","background-size":"auto","background-attachment":"scroll","background-type":"","background-media":"","overlay-type":"","overlay-color":"","overlay-opacity":"","overlay-gradient":""},"tablet":{"background-color":"","background-image":"","background-repeat":"repeat","background-position":"center center","background-size":"auto","background-attachment":"scroll","background-type":"","background-media":"","overlay-type":"","overlay-color":"","overlay-opacity":"","overlay-gradient":""},"mobile":{"background-color":"","background-image":"","background-repeat":"repeat","background-position":"center center","background-size":"auto","background-attachment":"scroll","background-type":"","background-media":"","overlay-type":"","overlay-color":"","overlay-opacity":"","overlay-gradient":""}},"ast-content-background-meta":{"desktop":{"background-color":"var(--ast-global-color-4)","background-image":"","background-repeat":"repeat","background-position":"center center","background-size":"auto","background-attachment":"scroll","background-type":"","background-media":"","overlay-type":"","overlay-color":"","overlay-opacity":"","overlay-gradient":""},"tablet":{"background-color":"var(--ast-global-color-4)","background-image":"","background-repeat":"repeat","background-position":"center center","background-size":"auto","background-attachment":"scroll","background-type":"","background-media":"","overlay-type":"","overlay-color":"","overlay-opacity":"","overlay-gradient":""},"mobile":{"background-color":"var(--ast-global-color-4)","background-image":"","background-repeat":"repeat","background-position":"center center","background-size":"auto","background-attachment":"scroll","background-type":"","background-media":"","overlay-type":"","overlay-color":"","overlay-opacity":"","overlay-gradient":""}},"footnotes":""},"class_list":["post-180","page","type-page","status-publish","hentry"],"yoast_head":"<!-- This site is optimized with the Yoast SEO Premium plugin v24.5 (Yoast SEO v26.0) - https:\/\/yoast.com\/wordpress\/plugins\/seo\/ -->\n<title>Gatumarknader - Radhus Uthyres i Torrevieja - Los Altos<\/title>\n<meta name=\"robots\" content=\"index, follow, max-snippet:-1, max-image-preview:large, max-video-preview:-1\" \/>\n<link rel=\"canonical\" href=\"https:\/\/losaltos.se\/index.php\/aktiviteter\/shopping\/gatumarknader\/\" \/>\n<meta property=\"og:locale\" content=\"sv_SE\" \/>\n<meta property=\"og:type\" content=\"article\" \/>\n<meta property=\"og:title\" content=\"Gatumarknader\" \/>\n<meta property=\"og:description\" content=\"Gatumarknader Marknaden \u00e4r ett alternativ till de traditionella aff\u00e4rerna och man kan ut\u00f6ver kryddor, ostar, k\u00f6tt, fisk och gr\u00f6nsaker hitta [&hellip;]\" \/>\n<meta property=\"og:url\" content=\"https:\/\/losaltos.se\/index.php\/aktiviteter\/shopping\/gatumarknader\/\" \/>\n<meta property=\"og:site_name\" content=\"Radhus Uthyres i Torrevieja - Los Altos\" \/>\n<meta property=\"article:modified_time\" content=\"2025-02-26T15:21:49+00:00\" \/>\n<meta property=\"og:image\" content=\"https:\/\/losaltos.se\/wp-content\/uploads\/2025\/02\/vinjett2.jpg\" \/>\n\t<meta property=\"og:image:width\" content=\"900\" \/>\n\t<meta property=\"og:image:height\" content=\"184\" \/>\n\t<meta property=\"og:image:type\" content=\"image\/jpeg\" \/>\n<meta name=\"twitter:card\" content=\"summary_large_image\" \/>\n<meta name=\"twitter:label1\" content=\"Ber\u00e4knad l\u00e4stid\" \/>\n\t<meta name=\"twitter:data1\" content=\"3 minuter\" \/>\n<script type=\"application\/ld+json\" class=\"yoast-schema-graph\">{\"@context\":\"https:\/\/schema.org\",\"@graph\":[{\"@type\":\"WebPage\",\"@id\":\"https:\/\/losaltos.se\/index.php\/aktiviteter\/shopping\/gatumarknader\/\",\"url\":\"https:\/\/losaltos.se\/index.php\/aktiviteter\/shopping\/gatumarknader\/\",\"name\":\"Gatumarknader - Radhus Uthyres i Torrevieja - Los Altos\",\"isPartOf\":{\"@id\":\"https:\/\/losaltos.se\/#website\"},\"primaryImageOfPage\":{\"@id\":\"https:\/\/losaltos.se\/index.php\/aktiviteter\/shopping\/gatumarknader\/#primaryimage\"},\"image\":{\"@id\":\"https:\/\/losaltos.se\/index.php\/aktiviteter\/shopping\/gatumarknader\/#primaryimage\"},\"thumbnailUrl\":\"https:\/\/losaltos.se\/wp-content\/uploads\/2025\/02\/vinjett2.jpg\",\"datePublished\":\"2025-02-26T15:21:47+00:00\",\"dateModified\":\"2025-02-26T15:21:49+00:00\",\"breadcrumb\":{\"@id\":\"https:\/\/losaltos.se\/index.php\/aktiviteter\/shopping\/gatumarknader\/#breadcrumb\"},\"inLanguage\":\"sv-SE\",\"potentialAction\":[{\"@type\":\"ReadAction\",\"target\":[\"https:\/\/losaltos.se\/index.php\/aktiviteter\/shopping\/gatumarknader\/\"]}]},{\"@type\":\"ImageObject\",\"inLanguage\":\"sv-SE\",\"@id\":\"https:\/\/losaltos.se\/index.php\/aktiviteter\/shopping\/gatumarknader\/#primaryimage\",\"url\":\"https:\/\/losaltos.se\/wp-content\/uploads\/2025\/02\/vinjett2.jpg\",\"contentUrl\":\"https:\/\/losaltos.se\/wp-content\/uploads\/2025\/02\/vinjett2.jpg\",\"width\":900,\"height\":184,\"caption\":\"Los Altos Strand\"},{\"@type\":\"BreadcrumbList\",\"@id\":\"https:\/\/losaltos.se\/index.php\/aktiviteter\/shopping\/gatumarknader\/#breadcrumb\",\"itemListElement\":[{\"@type\":\"ListItem\",\"position\":1,\"name\":\"Hem\",\"item\":\"https:\/\/losaltos.se\/\"},{\"@type\":\"ListItem\",\"position\":2,\"name\":\"Aktiviteter\",\"item\":\"https:\/\/losaltos.se\/index.php\/aktiviteter\/\"},{\"@type\":\"ListItem\",\"position\":3,\"name\":\"Shopping\",\"item\":\"https:\/\/losaltos.se\/index.php\/aktiviteter\/shopping\/\"},{\"@type\":\"ListItem\",\"position\":4,\"name\":\"Gatumarknader\"}]},{\"@type\":\"WebSite\",\"@id\":\"https:\/\/losaltos.se\/#website\",\"url\":\"https:\/\/losaltos.se\/\",\"name\":\"Radhus Uthyres i Torrevieja - Los Altos\",\"description\":\"\",\"potentialAction\":[{\"@type\":\"SearchAction\",\"target\":{\"@type\":\"EntryPoint\",\"urlTemplate\":\"https:\/\/losaltos.se\/?s={search_term_string}\"},\"query-input\":{\"@type\":\"PropertyValueSpecification\",\"valueRequired\":true,\"valueName\":\"search_term_string\"}}],\"inLanguage\":\"sv-SE\"}]}<\/script>\n<!-- \/ Yoast SEO Premium plugin. -->","yoast_head_json":{"title":"Gatumarknader - Radhus Uthyres i Torrevieja - Los Altos","robots":{"index":"index","follow":"follow","max-snippet":"max-snippet:-1","max-image-preview":"max-image-preview:large","max-video-preview":"max-video-preview:-1"},"canonical":"https:\/\/losaltos.se\/index.php\/aktiviteter\/shopping\/gatumarknader\/","og_locale":"sv_SE","og_type":"article","og_title":"Gatumarknader","og_description":"Gatumarknader Marknaden \u00e4r ett alternativ till de traditionella aff\u00e4rerna och man kan ut\u00f6ver kryddor, ostar, k\u00f6tt, fisk och gr\u00f6nsaker hitta [&hellip;]","og_url":"https:\/\/losaltos.se\/index.php\/aktiviteter\/shopping\/gatumarknader\/","og_site_name":"Radhus Uthyres i Torrevieja - Los Altos","article_modified_time":"2025-02-26T15:21:49+00:00","og_image":[{"width":900,"height":184,"url":"https:\/\/losaltos.se\/wp-content\/uploads\/2025\/02\/vinjett2.jpg","type":"image\/jpeg"}],"twitter_card":"summary_large_image","twitter_misc":{"Ber\u00e4knad l\u00e4stid":"3 minuter"},"schema":{"@context":"https:\/\/schema.org","@graph":[{"@type":"WebPage","@id":"https:\/\/losaltos.se\/index.php\/aktiviteter\/shopping\/gatumarknader\/","url":"https:\/\/losaltos.se\/index.php\/aktiviteter\/shopping\/gatumarknader\/","name":"Gatumarknader - Radhus Uthyres i Torrevieja - Los Altos","isPartOf":{"@id":"https:\/\/losaltos.se\/#website"},"primaryImageOfPage":{"@id":"https:\/\/losaltos.se\/index.php\/aktiviteter\/shopping\/gatumarknader\/#primaryimage"},"image":{"@id":"https:\/\/losaltos.se\/index.php\/aktiviteter\/shopping\/gatumarknader\/#primaryimage"},"thumbnailUrl":"https:\/\/losaltos.se\/wp-content\/uploads\/2025\/02\/vinjett2.jpg","datePublished":"2025-02-26T15:21:47+00:00","dateModified":"2025-02-26T15:21:49+00:00","breadcrumb":{"@id":"https:\/\/losaltos.se\/index.php\/aktiviteter\/shopping\/gatumarknader\/#breadcrumb"},"inLanguage":"sv-SE","potentialAction":[{"@type":"ReadAction","target":["https:\/\/losaltos.se\/index.php\/aktiviteter\/shopping\/gatumarknader\/"]}]},{"@type":"ImageObject","inLanguage":"sv-SE","@id":"https:\/\/losaltos.se\/index.php\/aktiviteter\/shopping\/gatumarknader\/#primaryimage","url":"https:\/\/losaltos.se\/wp-content\/uploads\/2025\/02\/vinjett2.jpg","contentUrl":"https:\/\/losaltos.se\/wp-content\/uploads\/2025\/02\/vinjett2.jpg","width":900,"height":184,"caption":"Los Altos Strand"},{"@type":"BreadcrumbList","@id":"https:\/\/losaltos.se\/index.php\/aktiviteter\/shopping\/gatumarknader\/#breadcrumb","itemListElement":[{"@type":"ListItem","position":1,"name":"Hem","item":"https:\/\/losaltos.se\/"},{"@type":"ListItem","position":2,"name":"Aktiviteter","item":"https:\/\/losaltos.se\/index.php\/aktiviteter\/"},{"@type":"ListItem","position":3,"name":"Shopping","item":"https:\/\/losaltos.se\/index.php\/aktiviteter\/shopping\/"},{"@type":"ListItem","position":4,"name":"Gatumarknader"}]},{"@type":"WebSite","@id":"https:\/\/losaltos.se\/#website","url":"https:\/\/losaltos.se\/","name":"Radhus Uthyres i Torrevieja - Los Altos","description":"","potentialAction":[{"@type":"SearchAction","target":{"@type":"EntryPoint","urlTemplate":"https:\/\/losaltos.se\/?s={search_term_string}"},"query-input":{"@type":"PropertyValueSpecification","valueRequired":true,"valueName":"search_term_string"}}],"inLanguage":"sv-SE"}]}},"_links":{"self":[{"href":"https:\/\/losaltos.se\/index.php\/wp-json\/wp\/v2\/pages\/180","targetHints":{"allow":["GET"]}}],"collection":[{"href":"https:\/\/losaltos.se\/index.php\/wp-json\/wp\/v2\/pages"}],"about":[{"href":"https:\/\/losaltos.se\/index.php\/wp-json\/wp\/v2\/types\/page"}],"author":[{"embeddable":true,"href":"https:\/\/losaltos.se\/index.php\/wp-json\/wp\/v2\/users\/1"}],"replies":[{"embeddable":true,"href":"https:\/\/losaltos.se\/index.php\/wp-json\/wp\/v2\/comments?post=180"}],"version-history":[{"count":0,"href":"https:\/\/losaltos.se\/index.php\/wp-json\/wp\/v2\/pages\/180\/revisions"}],"up":[{"embeddable":true,"href":"https:\/\/losaltos.se\/index.php\/wp-json\/wp\/v2\/pages\/164"}],"wp:attachment":[{"href":"https:\/\/losaltos.se\/index.php\/wp-json\/wp\/v2\/media?parent=180"}],"curies":[{"name":"wp","href":"https:\/\/api.w.org\/{rel}","templated":true}]}}