{"id":102,"date":"2025-02-25T17:14:25","date_gmt":"2025-02-25T17:14:25","guid":{"rendered":"https:\/\/zealous-goodall.213-199-48-165.plesk.page\/?page_id=102"},"modified":"2025-02-25T17:19:03","modified_gmt":"2025-02-25T17:19:03","slug":"kalender-priser","status":"publish","type":"page","link":"https:\/\/losaltos.se\/index.php\/kalender-priser\/","title":{"rendered":"Kalender Priser"},"content":{"rendered":"\n<div class=\"wp-block-cover is-light\" style=\"min-height:184px;aspect-ratio:unset;\"><span aria-hidden=\"true\" class=\"wp-block-cover__background has-background-dim\" style=\"background-color:#9ca2a7\"><\/span><img loading=\"lazy\" decoding=\"async\" width=\"900\" height=\"184\" class=\"wp-block-cover__image-background wp-image-18\" alt=\"Los Altos Strand\" src=\"https:\/\/losaltos.se\/wp-content\/uploads\/2025\/02\/vinjett2.jpg\" data-object-fit=\"cover\" srcset=\"https:\/\/losaltos.se\/wp-content\/uploads\/2025\/02\/vinjett2.jpg 900w, https:\/\/losaltos.se\/wp-content\/uploads\/2025\/02\/vinjett2-300x61.jpg 300w, https:\/\/losaltos.se\/wp-content\/uploads\/2025\/02\/vinjett2-768x157.jpg 768w\" sizes=\"auto, (max-width: 900px) 100vw, 900px\" \/><div class=\"wp-block-cover__inner-container is-layout-constrained wp-block-cover-is-layout-constrained\">\n<p class=\"has-text-align-left has-ast-global-color-4-color has-text-color has-link-color has-large-font-size wp-elements-4ca3fb4fd017ba091829245ea002b803\" style=\"margin-top:0;margin-bottom:0\"><strong>Los Altos<\/strong><\/p>\n\n\n\n<p class=\"has-ast-global-color-4-color has-text-color has-link-color wp-elements-87773715d62714250982c8d6b22f9b41\" style=\"margin-top:0;margin-bottom:0;padding-top:0;padding-bottom:0\"><strong><em>Hyr v\u00e5rt underbara radhus s\u00f6der om Torrevieja<\/em><\/strong><\/p>\n<\/div><\/div>\n\n\n\n<div class=\"wp-block-columns is-layout-flex wp-container-core-columns-is-layout-f1061711 wp-block-columns-is-layout-flex\" style=\"padding-right:var(--wp--preset--spacing--20);padding-left:var(--wp--preset--spacing--20)\">\n<div class=\"wp-block-column is-layout-flow wp-block-column-is-layout-flow\" style=\"flex-basis:100%\">\n<h1 class=\"wp-block-heading has-text-align-center\" id=\"h-kalender-amp-priser\">Kalender &amp; Priser<\/h1>\n\n\n\n<div style=\"background:#fff;max-width:628px;\"><iframe loading=\"lazy\" src=\"https:\/\/www.availcalendar.com\/print\/15608\" width=\"100%\" height=\"470\" frameborder=\"0\" scrolling=\"no\"><\/iframe><\/div><p><a href=\"http:\/\/www.availcalendar.com\/calendar\/15608\" target=\"_blank\">Los Altos Availability Calendar<\/a><\/p>\n<\/div>\n<\/div>\n\n\n\n<h2 class=\"wp-block-heading\" style=\"margin-top:0\">Priser:<\/h2>\n\n\n\n<p><strong>Veckohyra:<\/strong><\/p>\n\n\n\n<p>H\u00f6gs\u00e4song (jun-aug samt jul, ny\u00e5r och p\u00e5sk): 7 100 kr.&nbsp;<br>Mellans\u00e4song (maj,&nbsp;sep, okt): 5 500 kr.&nbsp;<br>L\u00e5gs\u00e4song (jan-april (ej jul, ny\u00e5r och p\u00e5sk), nov-dec) 4 500 kr.&nbsp;<br><br><strong>M\u00e5nadshyra endast under tiden 1 november-31 mars,&nbsp;9 000 kr inkl el&nbsp; och vatten.<br>F\u00f6r&nbsp;poolv\u00e4rme (endast november-mars) tillkommer 1 500 kr\/vecka, vid m\u00e5nadshyra 4 000 kr\/m\u00e5nad.<\/strong><br><br><strong>Deposition:<\/strong><\/p>\n\n\n\n<p>Deposition om 1 500 kr kr\u00e4vs, den \u00e5terbetalas efter hemkomst om bostaden \u00e4r i of\u00f6r\u00e4ndrat skick och normal st\u00e4dning<br>har kunnat utf\u00f6ras.<\/p>\n\n\n\n<p><strong>Obligatoriska till\u00e4gg:<\/strong><\/p>\n\n\n\n<p>St\u00e4dning: 60\u20ac<\/p>\n\n\n\n<p>Tv\u00e4tt: 10\u20ac\/person<\/p>\n\n\n\n<p>Betalas vid ankomst.<\/p>\n\n\n\n<p>Vid in- och\/eller utcheckning mellan kl. 23-06 tillkommer 20\u20ac.<\/p>\n\n\n\n<p><strong>Valfria till\u00e4gg:<\/strong><\/p>\n\n\n\n<p>V\u00e4lkomstpaket kan ordnas till sj\u00e4lvkostnadspris, kontakta oss med dina \u00f6nskem\u00e5l.<\/p>\n\n\n\n<p>Vi kan \u00e4ven l\u00e5na ut v\u00e5r bil, en BMW X1 som \u00e4r parkerad vid flygplatsen, kontakta oss ang\u00e5ende detta.<\/p>\n\n\n\n<p><strong>Observera<\/strong> att huset \u00e4r djur- och r\u00f6kfritt. R\u00f6kning endast till\u00e5ten utomhus. L\u00e4gsta \u00e5lder 25 \u00e5r.<\/p>\n","protected":false},"excerpt":{"rendered":"<p>Kalender &amp; Priser Los Altos Availability Calendar Priser: Veckohyra: H\u00f6gs\u00e4song (jun-aug samt jul, ny\u00e5r och p\u00e5sk): 7 100 kr.&nbsp;Mellans\u00e4song (maj,&nbsp;sep, [&hellip;]<\/p>\n","protected":false},"author":1,"featured_media":0,"parent":0,"menu_order":0,"comment_status":"closed","ping_status":"open","template":"","meta":{"site-sidebar-layout":"default","site-content-layout":"","ast-site-content-layout":"","site-content-style":"default","site-sidebar-style":"default","ast-global-header-display":"","ast-banner-title-visibility":"","ast-main-header-display":"","ast-hfb-above-header-display":"","ast-hfb-below-header-display":"","ast-hfb-mobile-header-display":"","site-post-title":"disabled","ast-breadcrumbs-content":"","ast-featured-img":"","footer-sml-layout":"","theme-transparent-header-meta":"","adv-header-id-meta":"","stick-header-meta":"","header-above-stick-meta":"","header-main-stick-meta":"","header-below-stick-meta":"","astra-migrate-meta-layouts":"default","ast-page-background-enabled":"default","ast-page-background-meta":{"desktop":{"background-color":"var(--ast-global-color-5)","background-image":"","background-repeat":"repeat","background-position":"center center","background-size":"auto","background-attachment":"scroll","background-type":"","background-media":"","overlay-type":"","overlay-color":"","overlay-opacity":"","overlay-gradient":""},"tablet":{"background-color":"","background-image":"","background-repeat":"repeat","background-position":"center center","background-size":"auto","background-attachment":"scroll","background-type":"","background-media":"","overlay-type":"","overlay-color":"","overlay-opacity":"","overlay-gradient":""},"mobile":{"background-color":"","background-image":"","background-repeat":"repeat","background-position":"center center","background-size":"auto","background-attachment":"scroll","background-type":"","background-media":"","overlay-type":"","overlay-color":"","overlay-opacity":"","overlay-gradient":""}},"ast-content-background-meta":{"desktop":{"background-color":"var(--ast-global-color-4)","background-image":"","background-repeat":"repeat","background-position":"center center","background-size":"auto","background-attachment":"scroll","background-type":"","background-media":"","overlay-type":"","overlay-color":"","overlay-opacity":"","overlay-gradient":""},"tablet":{"background-color":"var(--ast-global-color-4)","background-image":"","background-repeat":"repeat","background-position":"center center","background-size":"auto","background-attachment":"scroll","background-type":"","background-media":"","overlay-type":"","overlay-color":"","overlay-opacity":"","overlay-gradient":""},"mobile":{"background-color":"var(--ast-global-color-4)","background-image":"","background-repeat":"repeat","background-position":"center center","background-size":"auto","background-attachment":"scroll","background-type":"","background-media":"","overlay-type":"","overlay-color":"","overlay-opacity":"","overlay-gradient":""}},"footnotes":""},"class_list":["post-102","page","type-page","status-publish","hentry"],"yoast_head":"<!-- This site is optimized with the Yoast SEO Premium plugin v24.5 (Yoast SEO v26.0) - https:\/\/yoast.com\/wordpress\/plugins\/seo\/ -->\n<title>Kalender Priser - Radhus Uthyres i Torrevieja - Los Altos<\/title>\n<meta name=\"robots\" content=\"index, follow, max-snippet:-1, max-image-preview:large, max-video-preview:-1\" \/>\n<link rel=\"canonical\" href=\"https:\/\/losaltos.se\/index.php\/kalender-priser\/\" \/>\n<meta property=\"og:locale\" content=\"sv_SE\" \/>\n<meta property=\"og:type\" content=\"article\" \/>\n<meta property=\"og:title\" content=\"Kalender Priser\" \/>\n<meta property=\"og:description\" content=\"Kalender &amp; Priser Los Altos Availability Calendar Priser: Veckohyra: H\u00f6gs\u00e4song (jun-aug samt jul, ny\u00e5r och p\u00e5sk): 7 100 kr.&nbsp;Mellans\u00e4song (maj,&nbsp;sep, [&hellip;]\" \/>\n<meta property=\"og:url\" content=\"https:\/\/losaltos.se\/index.php\/kalender-priser\/\" \/>\n<meta property=\"og:site_name\" content=\"Radhus Uthyres i Torrevieja - Los Altos\" \/>\n<meta property=\"article:modified_time\" content=\"2025-02-25T17:19:03+00:00\" \/>\n<meta property=\"og:image\" content=\"https:\/\/losaltos.se\/wp-content\/uploads\/2025\/02\/vinjett2.jpg\" \/>\n<meta name=\"twitter:card\" content=\"summary_large_image\" \/>\n<meta name=\"twitter:label1\" content=\"Ber\u00e4knad l\u00e4stid\" \/>\n\t<meta name=\"twitter:data1\" content=\"1 minut\" \/>\n<script type=\"application\/ld+json\" class=\"yoast-schema-graph\">{\"@context\":\"https:\/\/schema.org\",\"@graph\":[{\"@type\":\"WebPage\",\"@id\":\"https:\/\/losaltos.se\/index.php\/kalender-priser\/\",\"url\":\"https:\/\/losaltos.se\/index.php\/kalender-priser\/\",\"name\":\"Kalender Priser - Radhus Uthyres i Torrevieja - Los Altos\",\"isPartOf\":{\"@id\":\"https:\/\/losaltos.se\/#website\"},\"primaryImageOfPage\":{\"@id\":\"https:\/\/losaltos.se\/index.php\/kalender-priser\/#primaryimage\"},\"image\":{\"@id\":\"https:\/\/losaltos.se\/index.php\/kalender-priser\/#primaryimage\"},\"thumbnailUrl\":\"https:\/\/losaltos.se\/wp-content\/uploads\/2025\/02\/vinjett2.jpg\",\"datePublished\":\"2025-02-25T17:14:25+00:00\",\"dateModified\":\"2025-02-25T17:19:03+00:00\",\"breadcrumb\":{\"@id\":\"https:\/\/losaltos.se\/index.php\/kalender-priser\/#breadcrumb\"},\"inLanguage\":\"sv-SE\",\"potentialAction\":[{\"@type\":\"ReadAction\",\"target\":[\"https:\/\/losaltos.se\/index.php\/kalender-priser\/\"]}]},{\"@type\":\"ImageObject\",\"inLanguage\":\"sv-SE\",\"@id\":\"https:\/\/losaltos.se\/index.php\/kalender-priser\/#primaryimage\",\"url\":\"https:\/\/losaltos.se\/wp-content\/uploads\/2025\/02\/vinjett2.jpg\",\"contentUrl\":\"https:\/\/losaltos.se\/wp-content\/uploads\/2025\/02\/vinjett2.jpg\",\"width\":900,\"height\":184,\"caption\":\"Los Altos Strand\"},{\"@type\":\"BreadcrumbList\",\"@id\":\"https:\/\/losaltos.se\/index.php\/kalender-priser\/#breadcrumb\",\"itemListElement\":[{\"@type\":\"ListItem\",\"position\":1,\"name\":\"Hem\",\"item\":\"https:\/\/losaltos.se\/\"},{\"@type\":\"ListItem\",\"position\":2,\"name\":\"Kalender Priser\"}]},{\"@type\":\"WebSite\",\"@id\":\"https:\/\/losaltos.se\/#website\",\"url\":\"https:\/\/losaltos.se\/\",\"name\":\"Radhus Uthyres i Torrevieja - Los Altos\",\"description\":\"\",\"potentialAction\":[{\"@type\":\"SearchAction\",\"target\":{\"@type\":\"EntryPoint\",\"urlTemplate\":\"https:\/\/losaltos.se\/?s={search_term_string}\"},\"query-input\":{\"@type\":\"PropertyValueSpecification\",\"valueRequired\":true,\"valueName\":\"search_term_string\"}}],\"inLanguage\":\"sv-SE\"}]}<\/script>\n<!-- \/ Yoast SEO Premium plugin. -->","yoast_head_json":{"title":"Kalender Priser - Radhus Uthyres i Torrevieja - Los Altos","robots":{"index":"index","follow":"follow","max-snippet":"max-snippet:-1","max-image-preview":"max-image-preview:large","max-video-preview":"max-video-preview:-1"},"canonical":"https:\/\/losaltos.se\/index.php\/kalender-priser\/","og_locale":"sv_SE","og_type":"article","og_title":"Kalender Priser","og_description":"Kalender &amp; Priser Los Altos Availability Calendar Priser: Veckohyra: H\u00f6gs\u00e4song (jun-aug samt jul, ny\u00e5r och p\u00e5sk): 7 100 kr.&nbsp;Mellans\u00e4song (maj,&nbsp;sep, [&hellip;]","og_url":"https:\/\/losaltos.se\/index.php\/kalender-priser\/","og_site_name":"Radhus Uthyres i Torrevieja - Los Altos","article_modified_time":"2025-02-25T17:19:03+00:00","og_image":[{"url":"https:\/\/losaltos.se\/wp-content\/uploads\/2025\/02\/vinjett2.jpg","type":"","width":"","height":""}],"twitter_card":"summary_large_image","twitter_misc":{"Ber\u00e4knad l\u00e4stid":"1 minut"},"schema":{"@context":"https:\/\/schema.org","@graph":[{"@type":"WebPage","@id":"https:\/\/losaltos.se\/index.php\/kalender-priser\/","url":"https:\/\/losaltos.se\/index.php\/kalender-priser\/","name":"Kalender Priser - Radhus Uthyres i Torrevieja - Los Altos","isPartOf":{"@id":"https:\/\/losaltos.se\/#website"},"primaryImageOfPage":{"@id":"https:\/\/losaltos.se\/index.php\/kalender-priser\/#primaryimage"},"image":{"@id":"https:\/\/losaltos.se\/index.php\/kalender-priser\/#primaryimage"},"thumbnailUrl":"https:\/\/losaltos.se\/wp-content\/uploads\/2025\/02\/vinjett2.jpg","datePublished":"2025-02-25T17:14:25+00:00","dateModified":"2025-02-25T17:19:03+00:00","breadcrumb":{"@id":"https:\/\/losaltos.se\/index.php\/kalender-priser\/#breadcrumb"},"inLanguage":"sv-SE","potentialAction":[{"@type":"ReadAction","target":["https:\/\/losaltos.se\/index.php\/kalender-priser\/"]}]},{"@type":"ImageObject","inLanguage":"sv-SE","@id":"https:\/\/losaltos.se\/index.php\/kalender-priser\/#primaryimage","url":"https:\/\/losaltos.se\/wp-content\/uploads\/2025\/02\/vinjett2.jpg","contentUrl":"https:\/\/losaltos.se\/wp-content\/uploads\/2025\/02\/vinjett2.jpg","width":900,"height":184,"caption":"Los Altos Strand"},{"@type":"BreadcrumbList","@id":"https:\/\/losaltos.se\/index.php\/kalender-priser\/#breadcrumb","itemListElement":[{"@type":"ListItem","position":1,"name":"Hem","item":"https:\/\/losaltos.se\/"},{"@type":"ListItem","position":2,"name":"Kalender Priser"}]},{"@type":"WebSite","@id":"https:\/\/losaltos.se\/#website","url":"https:\/\/losaltos.se\/","name":"Radhus Uthyres i Torrevieja - Los Altos","description":"","potentialAction":[{"@type":"SearchAction","target":{"@type":"EntryPoint","urlTemplate":"https:\/\/losaltos.se\/?s={search_term_string}"},"query-input":{"@type":"PropertyValueSpecification","valueRequired":true,"valueName":"search_term_string"}}],"inLanguage":"sv-SE"}]}},"_links":{"self":[{"href":"https:\/\/losaltos.se\/index.php\/wp-json\/wp\/v2\/pages\/102","targetHints":{"allow":["GET"]}}],"collection":[{"href":"https:\/\/losaltos.se\/index.php\/wp-json\/wp\/v2\/pages"}],"about":[{"href":"https:\/\/losaltos.se\/index.php\/wp-json\/wp\/v2\/types\/page"}],"author":[{"embeddable":true,"href":"https:\/\/losaltos.se\/index.php\/wp-json\/wp\/v2\/users\/1"}],"replies":[{"embeddable":true,"href":"https:\/\/losaltos.se\/index.php\/wp-json\/wp\/v2\/comments?post=102"}],"version-history":[{"count":0,"href":"https:\/\/losaltos.se\/index.php\/wp-json\/wp\/v2\/pages\/102\/revisions"}],"wp:attachment":[{"href":"https:\/\/losaltos.se\/index.php\/wp-json\/wp\/v2\/media?parent=102"}],"curies":[{"name":"wp","href":"https:\/\/api.w.org\/{rel}","templated":true}]}}

<div class="wp-block-cover is-light" style="min-height:184px;aspect-ratio:unset;"><span aria-hidden="true" class="wp-block-cover__background has-background-dim" style="background-color:#9ca2a7"></span><img loading="lazy" decoding="async" width="900" height="184" class="wp-block-cover__image-background wp-image-18" alt="Los Altos Strand" src="https://losaltos.se/wp-content/uploads/2025/02/vinjett2.jpg" data-object-fit="cover" srcset="https://losaltos.se/wp-content/uploads/2025/02/vinjett2.jpg 900w, https://losaltos.se/wp-content/uploads/2025/02/vinjett2-300x61.jpg 300w, https://losaltos.se/wp-content/uploads/2025/02/vinjett2-768x157.jpg 768w" sizes="auto, (max-width: 900px) 100vw, 900px" /><div class="wp-block-cover__inner-container is-layout-constrained wp-block-cover-is-layout-constrained">
<p class="has-text-align-left has-ast-global-color-4-color has-text-color has-link-color has-large-font-size wp-elements-4ca3fb4fd017ba091829245ea002b803" style="margin-top:0;margin-bottom:0"><strong>Los Altos</strong></p>



<p class="has-ast-global-color-4-color has-text-color has-link-color wp-elements-87773715d62714250982c8d6b22f9b41" style="margin-top:0;margin-bottom:0;padding-top:0;padding-bottom:0"><strong><em>Hyr vårt underbara radhus söder om Torrevieja</em></strong></p>
</div></div>



<div class="wp-block-columns is-layout-flex wp-container-core-columns-is-layout-f1061711 wp-block-columns-is-layout-flex" style="padding-right:var(--wp--preset--spacing--20);padding-left:var(--wp--preset--spacing--20)">
<div class="wp-block-column is-layout-flow wp-block-column-is-layout-flow" style="flex-basis:100%">
<h1 class="wp-block-heading has-text-align-center" id="h-kalender-amp-priser">Kalender &amp; Priser</h1>



<div style="background:#fff;max-width:628px;"><iframe loading="lazy" src="https://www.availcalendar.com/print/15608" width="100%" height="470" frameborder="0" scrolling="no"></iframe></div><p><a href="http://www.availcalendar.com/calendar/15608" target="_blank">Los Altos Availability Calendar</a></p>
</div>
</div>



<h2 class="wp-block-heading" style="margin-top:0">Priser:</h2>



<p><strong>Veckohyra:</strong></p>



<p>Högsäsong (jun-aug samt jul, nyår och påsk): 7 100 kr.&nbsp;<br>Mellansäsong (maj,&nbsp;sep, okt): 5 500 kr.&nbsp;<br>Lågsäsong (jan-april (ej jul, nyår och påsk), nov-dec) 4 500 kr.&nbsp;<br><br><strong>Månadshyra endast under tiden 1 november-31 mars,&nbsp;9 000 kr inkl el&nbsp; och vatten.<br>För&nbsp;poolvärme (endast november-mars) tillkommer 1 500 kr/vecka, vid månadshyra 4 000 kr/månad.</strong><br><br><strong>Deposition:</strong></p>



<p>Deposition om 1 500 kr krävs, den återbetalas efter hemkomst om bostaden är i oförändrat skick och normal städning<br>har kunnat utföras.</p>



<p><strong>Obligatoriska tillägg:</strong></p>



<p>Städning: 60€</p>



<p>Tvätt: 10€/person</p>



<p>Betalas vid ankomst.</p>



<p>Vid in- och/eller utcheckning mellan kl. 23-06 tillkommer 20€.</p>



<p><strong>Valfria tillägg:</strong></p>



<p>Välkomstpaket kan ordnas till självkostnadspris, kontakta oss med dina önskemål.</p>



<p>Vi kan även låna ut vår bil, en BMW X1 som är parkerad vid flygplatsen, kontakta oss angående detta.</p>



<p><strong>Observera</strong> att huset är djur- och rökfritt. Rökning endast tillåten utomhus. Lägsta ålder 25 år.</p>

<p>Kalender &amp; Priser Los Altos Availability Calendar Priser: Veckohyra: Högsäsong (jun-aug samt jul, nyår och påsk): 7 100 kr.&nbsp;Mellansäsong (maj,&nbsp;sep, [&hellip;]</p>

<!-- This site is optimized with the Yoast SEO Premium plugin v24.5 (Yoast SEO v26.0) - https://yoast.com/wordpress/plugins/seo/ -->
<title>Kalender Priser - Radhus Uthyres i Torrevieja - Los Altos</title>
<meta name="robots" content="index, follow, max-snippet:-1, max-image-preview:large, max-video-preview:-1" />
<link rel="canonical" href="https://losaltos.se/index.php/kalender-priser/" />
<meta property="og:locale" content="sv_SE" />
<meta property="og:type" content="article" />
<meta property="og:title" content="Kalender Priser" />
<meta property="og:description" content="Kalender &amp; Priser Los Altos Availability Calendar Priser: Veckohyra: Högsäsong (jun-aug samt jul, nyår och påsk): 7 100 kr.&nbsp;Mellansäsong (maj,&nbsp;sep, [&hellip;]" />
<meta property="og:url" content="https://losaltos.se/index.php/kalender-priser/" />
<meta property="og:site_name" content="Radhus Uthyres i Torrevieja - Los Altos" />
<meta property="article:modified_time" content="2025-02-25T17:19:03+00:00" />
<meta property="og:image" content="https://losaltos.se/wp-content/uploads/2025/02/vinjett2.jpg" />
<meta name="twitter:card" content="summary_large_image" />
<meta name="twitter:label1" content="Beräknad lästid" />
	<meta name="twitter:data1" content="1 minut" />
<script type="application/ld+json" class="yoast-schema-graph">{"@context":"https://schema.org","@graph":[{"@type":"WebPage","@id":"https://losaltos.se/index.php/kalender-priser/","url":"https://losaltos.se/index.php/kalender-priser/","name":"Kalender Priser - Radhus Uthyres i Torrevieja - Los Altos","isPartOf":{"@id":"https://losaltos.se/#website"},"primaryImageOfPage":{"@id":"https://losaltos.se/index.php/kalender-priser/#primaryimage"},"image":{"@id":"https://losaltos.se/index.php/kalender-priser/#primaryimage"},"thumbnailUrl":"https://losaltos.se/wp-content/uploads/2025/02/vinjett2.jpg","datePublished":"2025-02-25T17:14:25+00:00","dateModified":"2025-02-25T17:19:03+00:00","breadcrumb":{"@id":"https://losaltos.se/index.php/kalender-priser/#breadcrumb"},"inLanguage":"sv-SE","potentialAction":[{"@type":"ReadAction","target":["https://losaltos.se/index.php/kalender-priser/"]}]},{"@type":"ImageObject","inLanguage":"sv-SE","@id":"https://losaltos.se/index.php/kalender-priser/#primaryimage","url":"https://losaltos.se/wp-content/uploads/2025/02/vinjett2.jpg","contentUrl":"https://losaltos.se/wp-content/uploads/2025/02/vinjett2.jpg","width":900,"height":184,"caption":"Los Altos Strand"},{"@type":"BreadcrumbList","@id":"https://losaltos.se/index.php/kalender-priser/#breadcrumb","itemListElement":[{"@type":"ListItem","position":1,"name":"Hem","item":"https://losaltos.se/"},{"@type":"ListItem","position":2,"name":"Kalender Priser"}]},{"@type":"WebSite","@id":"https://losaltos.se/#website","url":"https://losaltos.se/","name":"Radhus Uthyres i Torrevieja - Los Altos","description":"","potentialAction":[{"@type":"SearchAction","target":{"@type":"EntryPoint","urlTemplate":"https://losaltos.se/?s={search_term_string}"},"query-input":{"@type":"PropertyValueSpecification","valueRequired":true,"valueName":"search_term_string"}}],"inLanguage":"sv-SE"}]}</script>
<!-- / Yoast SEO Premium plugin. -->

Kalender &amp; Priser Los Altos Availability Calendar Priser: Veckohyra: Högsäsong (jun-aug samt jul, nyår och påsk): 7 100 kr.&nbsp;Mellansäsong (maj,&nbsp;sep, [&hellip;]
